{"id":20,"date":"2020-02-16T10:38:03","date_gmt":"2020-02-16T10:38:03","guid":{"rendered":"http:\/\/beate-kuenzel.de\/?page_id=20"},"modified":"2020-02-16T13:48:44","modified_gmt":"2020-02-16T13:48:44","slug":"beate-kuenzel","status":"publish","type":"page","link":"https:\/\/beate-kuenzel.de\/?page_id=20","title":{"rendered":"Beate K\u00fcnzel"},"content":{"rendered":"\n<figure class=\"wp-block-image size-large\"><img loading=\"lazy\" decoding=\"async\" width=\"1024\" height=\"832\" src=\"https:\/\/beate-kuenzel.de\/wp-content\/uploads\/2020\/02\/ID-14442_2107-sw-col-1024x832.jpg\" alt=\"\" class=\"wp-image-9\" srcset=\"https:\/\/beate-kuenzel.de\/wp-content\/uploads\/2020\/02\/ID-14442_2107-sw-col-1024x832.jpg 1024w, https:\/\/beate-kuenzel.de\/wp-content\/uploads\/2020\/02\/ID-14442_2107-sw-col-300x244.jpg 300w, https:\/\/beate-kuenzel.de\/wp-content\/uploads\/2020\/02\/ID-14442_2107-sw-col-768x624.jpg 768w\" sizes=\"auto, (max-width: 767px) 89vw, (max-width: 1000px) 54vw, (max-width: 1071px) 543px, 580px\" \/><figcaption>Beate K\u00fcnzel<\/figcaption><\/figure>\n\n\n\n<figure class=\"wp-block-pullquote\"><blockquote><p>Meine Philosophie?<\/p><p>&nbsp;Bei Ihnen die gleiche Emotion zu wecken, die ich beim ersten close-up Zauberer gesp\u00fcrt habe und Ihnen einen unvergesslichen Abend zu schenken.<\/p><cite>Mein Name ist BEATE K\u00dcNZEL<br><br>und ich sage:<\/cite><\/blockquote><\/figure>\n\n\n\n<blockquote class=\"wp-block-quote is-layout-flow wp-block-quote-is-layout-flow\"><p><strong>&#8222;<em>Die sch\u00f6nsten Momente im Leben sind die,&nbsp; die uns beim Nachdenken ein L\u00e4cheln schenken<\/em>&#8222;<\/strong><\/p><\/blockquote>\n\n\n\n<p>Sie suchen noch nach etwas \u201eBesonderem\u201c f\u00fcr Ihre Familienfeier, eine \u00dcberraschung oder ein Geschenk f\u00fcr den n\u00e4chsten Kindergeburtstag? Ein Highlight f\u00fcr Ihre n\u00e4chste Veranstaltung ? Etwas, das Ihnen beim Nachdenken ein L\u00e4cheln schenkt ?<\/p>\n\n\n\n<p>Wenn ein eleganter Chapeau Claque , ein Zauberstab und weiblicher Charme aufeinandertreffen, dann noch Magie ins Spiel kommt, ist das Ergebnis einfach zauberhaft !<\/p>\n\n\n\n<p>Melden Sie sich bei mir, gerne stelle ich mit Ihrer Hilfe ein Programm speziell nach Ihren Bed\u00fcrfnissen zusammen \u2013 ob Tischzauberei , B\u00fchne, oder beides \u2013&nbsp; lassen Sie sich verzaubern .<\/p>\n\n\n\n<p>Ich freue mich auf Ihre Anfrage !<\/p>\n\n\n\n<p>Mit zauberhaften Gr\u00fc\u00dfen<\/p>\n\n\n\n<p><strong>Beate K\u00fcnzel<\/strong><\/p>\n","protected":false},"excerpt":{"rendered":"<p>Meine Philosophie? &nbsp;Bei Ihnen die gleiche Emotion zu wecken, die ich beim ersten close-up Zauberer gesp\u00fcrt habe und Ihnen einen unvergesslichen Abend zu schenken. Mein Name ist BEATE K\u00dcNZEL und ich sage: &#8222;Die sch\u00f6nsten Momente im Leben sind die,&nbsp; die uns beim Nachdenken ein L\u00e4cheln schenken&#8222; Sie suchen noch nach etwas \u201eBesonderem\u201c f\u00fcr Ihre Familienfeier, &hellip; <\/p>\n<p class=\"link-more\"><a href=\"https:\/\/beate-kuenzel.de\/?page_id=20\" class=\"more-link\"><span class=\"screen-reader-text\">\u201eBeate K\u00fcnzel\u201c <\/span>weiterlesen<\/a><\/p>\n","protected":false},"author":1,"featured_media":0,"parent":0,"menu_order":0,"comment_status":"closed","ping_status":"closed","template":"","meta":{"footnotes":""},"class_list":["post-20","page","type-page","status-publish","hentry"],"_links":{"self":[{"href":"https:\/\/beate-kuenzel.de\/index.php?rest_route=\/wp\/v2\/pages\/20","targetHints":{"allow":["GET"]}}],"collection":[{"href":"https:\/\/beate-kuenzel.de\/index.php?rest_route=\/wp\/v2\/pages"}],"about":[{"href":"https:\/\/beate-kuenzel.de\/index.php?rest_route=\/wp\/v2\/types\/page"}],"author":[{"embeddable":true,"href":"https:\/\/beate-kuenzel.de\/index.php?rest_route=\/wp\/v2\/users\/1"}],"replies":[{"embeddable":true,"href":"https:\/\/beate-kuenzel.de\/index.php?rest_route=%2Fwp%2Fv2%2Fcomments&post=20"}],"version-history":[{"count":0,"href":"https:\/\/beate-kuenzel.de\/index.php?rest_route=\/wp\/v2\/pages\/20\/revisions"}],"wp:attachment":[{"href":"https:\/\/beate-kuenzel.de\/index.php?rest_route=%2Fwp%2Fv2%2Fmedia&parent=20"}],"curies":[{"name":"wp","href":"https:\/\/api.w.org\/{rel}","templated":true}]}}